{"id":219,"date":"2026-03-17T19:33:24","date_gmt":"2026-03-17T19:33:24","guid":{"rendered":"https:\/\/www.orewsadlno.pl\/?page_id=219"},"modified":"2026-03-22T17:46:43","modified_gmt":"2026-03-22T17:46:43","slug":"wczesne-wspomaganie-rozwoju-dziecka-wwrd","status":"publish","type":"page","link":"https:\/\/www.orewsadlno.pl\/index.php\/dla-rodzicow\/wczesne-wspomaganie-rozwoju-dziecka-wwrd\/","title":{"rendered":"Wczesne Wspomaganie Rozwoju Dziecka (WWRD)"},"content":{"rendered":"\n<p><strong>Wczesne Wspomaganie Rozwoju Dziecka (WWRD)<\/strong><\/p>\n\n\n\n<p>W naszym O\u015brodku prowadzone s\u0105 bezp\u0142atne zaj\u0119cia w ramach Wczesnego Wspomagania Rozwoju Dziecka (WWRD). Zaj\u0119cia realizowane&nbsp; s\u0105 w godzinach popo\u0142udniowych, co umo\u017cliwia udzia\u0142 dzieciom korzystaj\u0105cym w ci\u0105gu dnia z innych form opieki lub edukacji.<\/p>\n\n\n\n<p><strong>Cele Wczesnego Wspomagania Rozwoju Dziecka<\/strong><\/p>\n\n\n\n<p>Wczesne wspomaganie rozwoju dziecka to kompleksowy system wsparcia maj\u0105cy na celu zapewnienie optymalnych warunk\u00f3w rozwoju i nauki dzieciom od wykrycia niepe\u0142nosprawno\u015bci do rozpocz\u0119cia nauki w szkole. Jest to kluczowy etap w \u017cyciu dziecka, kt\u00f3ry ma istotny wp\u0142yw na jego dalszy rozw\u00f3j, zdolno\u015bci spo\u0142eczne, emocjonalne, poznawcze oraz fizyczne.<\/p>\n\n\n\n<p>Program zaj\u0119\u0107 dostosowany jest do \u00a0indywidualnych\u00a0 potrzeb i mo\u017cliwo\u015bci dziecka. Zaj\u0119cia odbywaj\u0105 si\u0119 w przyjaznej  i bezpiecznej atmosferze, z wykorzystaniem r\u00f3\u017cnorodnych metod terapeutycznych oraz specjalistycznych pomocy dydaktycznych. Wsp\u00f3\u0142praca z rodzicami stanowi wa\u017cny element procesu wspomagania rozwoju dziecka.<\/p>\n\n\n\n<p><strong>Komu przys\u0142uguje?<\/strong><\/p>\n\n\n\n<p>Aby dziecko mog\u0142o uczestniczy\u0107 w zaj\u0119ciach WWRD, konieczne jest posiadanie opinii o potrzebie wczesnego wspomagania rozwoju wydanej przez publiczn\u0105 poradni\u0119 psychologiczno-pedagogiczn\u0105.<\/p>\n\n\n\n<p><strong>Zapraszamy do kontaktu<\/strong><\/p>\n\n\n\n<p>Szczeg\u00f3\u0142owe informacje dotycz\u0105ce organizacji zaj\u0119\u0107 oraz zasad przyj\u0119cia dziecka mo\u017cna uzyska\u0107, kontaktuj\u0105c si\u0119 bezpo\u015brednio z O\u015brodkiem Rehabilitacyjno-Edukacyjno-Wychowawczym w Sadlnie.<\/p>\n\n\n\n<div class=\"wp-block-file\"><a id=\"wp-block-file--media-1a8bba33-d8ec-4632-a4c3-3d4eb0e49afd\" href=\"https:\/\/www.orewsadlno.pl\/wp-content\/uploads\/2026\/03\/wniosek-na-WWRD.docx\">wniosek na WWRD<\/a><a href=\"https:\/\/www.orewsadlno.pl\/wp-content\/uploads\/2026\/03\/wniosek-na-WWRD.docx\" class=\"wp-block-file__button wp-element-button\" download aria-describedby=\"wp-block-file--media-1a8bba33-d8ec-4632-a4c3-3d4eb0e49afd\">Pobierz<\/a><\/div>\n\n\n\n<p><\/p>\n","protected":false},"excerpt":{"rendered":"<p>Wczesne Wspomaganie Rozwoju Dziecka (WWRD) W naszym O\u015brodku prowadzone s\u0105 bezp\u0142atne zaj\u0119cia w ramach Wczesnego Wspomagania Rozwoju Dziecka (WWRD). Zaj\u0119cia realizowane&nbsp; s\u0105 w godzinach popo\u0142udniowych, co umo\u017cliwia udzia\u0142 dzieciom korzystaj\u0105cym w ci\u0105gu dnia z innych form opieki lub edukacji. Cele Wczesnego Wspomagania Rozwoju Dziecka Wczesne wspomaganie rozwoju dziecka to kompleksowy system wsparcia maj\u0105cy na celu [&hellip;]<\/p>\n","protected":false},"author":2,"featured_media":0,"parent":192,"menu_order":0,"comment_status":"closed","ping_status":"closed","template":"","meta":{"footnotes":""},"class_list":["post-219","page","type-page","status-publish","hentry"],"aioseo_notices":[],"_links":{"self":[{"href":"https:\/\/www.orewsadlno.pl\/index.php\/wp-json\/wp\/v2\/pages\/219","targetHints":{"allow":["GET"]}}],"collection":[{"href":"https:\/\/www.orewsadlno.pl\/index.php\/wp-json\/wp\/v2\/pages"}],"about":[{"href":"https:\/\/www.orewsadlno.pl\/index.php\/wp-json\/wp\/v2\/types\/page"}],"author":[{"embeddable":true,"href":"https:\/\/www.orewsadlno.pl\/index.php\/wp-json\/wp\/v2\/users\/2"}],"replies":[{"embeddable":true,"href":"https:\/\/www.orewsadlno.pl\/index.php\/wp-json\/wp\/v2\/comments?post=219"}],"version-history":[{"count":3,"href":"https:\/\/www.orewsadlno.pl\/index.php\/wp-json\/wp\/v2\/pages\/219\/revisions"}],"predecessor-version":[{"id":229,"href":"https:\/\/www.orewsadlno.pl\/index.php\/wp-json\/wp\/v2\/pages\/219\/revisions\/229"}],"up":[{"embeddable":true,"href":"https:\/\/www.orewsadlno.pl\/index.php\/wp-json\/wp\/v2\/pages\/192"}],"wp:attachment":[{"href":"https:\/\/www.orewsadlno.pl\/index.php\/wp-json\/wp\/v2\/media?parent=219"}],"curies":[{"name":"wp","href":"https:\/\/api.w.org\/{rel}","templated":true}]}}